5*t**2 - 10*t - 2. Let l(w) = 9*w**2 - 19*w - 3. Let o(y) = 4*l(y) - 7*s(y). What is o(4)?
-6
Let x(v) = v**3 + v + 6. Let s(j) = j**3 - 4*j**2 - 8*j + 7. Let t be s(5). Let m be t/2 - -1 - -3. What is x(m)?
6
Suppose 5*d = -0*d + 15. Suppose -7*x + 3*x = -16. Let j = d - x. Let a(n) = 4*n + 1. Determine a(j).
-3
Let q(p) be the first derivative of p**2/2 + 16*p + 3. Give q(0).
16
Let f(l) = -95*l**3 + 3*l**2 + 2 - 4*l**2 + 94*l**3 + 2*l. Suppose 0 = 3*w + 9, -5*y + 3*y = w + 7. Give f(y).
2
Let g(k) = -k - 2. Let q = 20 + -22. Calculate g(q).
0
Let w(h) = -h**3 + 7*h**2 - 7*h + 4. Let m(l) = l + 2*l + l - 5*l - 4. Let r be m(-4). Let q be -1 - (r + -1)*7. Determine w(q).
-2
Let h(w) = w**2 + 1. Suppose -3*c + 6 = 24. Let a(t) = t**3 + 2*t**2 + 2*t + 6. Let y(m) = c*h(m) + a(m). Determine y(4).
8
Let h(m) = -20*m**3 + 4*m**2 - 5*m + 7. Let q(t) = -10*t**3 + 2*t**2 - 3*t + 4. Let z(n) = 4*h(n) - 7*q(n). Give z(-1).
11
Let j(i) = -i - 1. Let s be -2 - (-3 + -1 + -3). Let b = s - -1. Calculate j(b).
-7
Let c(b) = -2 + 1 - 5 + 4*b. Let s(l) be the second derivative of l**3/3 - 3*l**2/2 + 4*l. Let t(u) = -6*c(u) + 11*s(u). Give t(5).
-7
Let b(z) = 3*z + 6. Let l(v) = 39*v + 78. Let y(t) = -27*b(t) + 2*l(t). Determine y(-5).
9
Suppose 2*q + 13 - 39 = -3*j, 4*q - 16 = 3*j. Let c(r) = 0*r + 3*r + 1 - q. Suppose 6*w - 5 = 4*w - x, -3*x + 11 = 5*w. What is c(w)?
6
Let v be 0/((2 - 1) + 1). Let z = -5 - v. Let l = -10 - z. Let s(y) = -y**2 - 3*y + 7. What is s(l)?
-3
Let z = 18 - 14. Suppose -z*o + 12 = -k, 2*o + 36 = 7*o + 4*k. Let m(b) = b**2 - 3*b + 3. Give m(o).
7
Let l = 5 - 8. Let s be 11 + (l/(-3))/(-1). Suppose 6*f - s = f. Let y(r) = -r**3 + r**2 - 4*r + 3. Determine y(f).
-9
Let s(j) = 6*j - 5. Let f(x) = 6*x - 6. Let h be (4 - 6) + (-5)/1. Let a be (-2 - 0) + 6 + 2. Let n(b) = a*f(b) + h*s(b). Determine n(-1).
5
Let i(v) be the third derivative of -7*v**6/120 + v**5/60 + 8*v**2 + 2. Determine i(1).
-6
Let l be 5/((-10)/(-4)) + 0. Let o = -1 - -4. Let u(h) = h**3 + o - 2*h**3 - 1 + 2*h - 1 - h**2. Calculate u(l).
-7
Let g(j) = 13 - j**2 + 5*j - j - 14 + j. Calculate g(7).
-15
Let d = -20 + 21. Let f(p) be the first derivative of 2*p**3/3 + 2. What is f(d)?
2
Let j(r) = 4*r - 2. Let a be j(1). Let i = a + 0. Let t(g) = g**3 - 2*g**2 + 4*g - 3. Give t(i).
5
Let g(c) = 3*c - 7. Let a be g(6). Let o(j) = 10*j**3 - 4*j**2 - 2*j + 5. Let s(d) = -30*d**3 + 11*d**2 + 6*d - 14. Let h(m) = a*o(m) + 4*s(m). Calculate h(1).
-9
Let o be (20/6)/((-3)/9). Let i = -5 - o. Let r(h) = h**2 - 4*h - 1. Let v(g) = g**2 - 4*g - 1. Let n(u) = -4*r(u) + 3*v(u). Give n(i).
-4
Let c be 0 + 1 - (11 - 12). Let t(r) = -2*r**3 - 3*r**2 + 0*r**2 + r**3 - r**c + r. Calculate t(-3).
-12
Suppose -3*o + 1 = -26. Let q be -1*3*6/o. Let z(m) = -2*m**3 + 2 - 2*m**2 - 2*m + 2*m. Calculate z(q).
10
Let k be ((-6)/(-1))/(15/(-10)). Let h(g) be the third derivative of 0*g - 2*g**2 - 1/8*g**4 - g**3 + 1/15*g**5 + 0 + 1/120*g**6. Determine h(k).
6
Let a(b) = b**2 + 2*b - 2. Let r be a(-4). Suppose 2*g + 2*y - 16 = 0, 2*g + y = 5*g - 8. Let q(z) = -1 - g + 0 - z**2 - r*z. Give q(-4).
3
Let p(b) = -b**3 - b**2 - 5*b + 7. Let x(t) = -9*t + 13 - t**2 - 2*t**2 - 8*t**3 + 6*t**3. Let m(k) = -7*p(k) + 4*x(k). Calculate m(-4).
-9
Let r be (2/6)/((-2)/(-42)). Suppose -17 = -5*w - r. Let t(j) = -w*j - 1 + 2*j + 8*j - j. Give t(1).
6
Let a be 7/(-14) + (-1)/(-2). Let v(p) = -1 + p**2 + 0 + 4*p + a*p. What is v(-5)?
4
Let i(k) = -2*k**3 - 3*k**2 + 2. Let v = 10 - 6. Let f(y) = 2 - v*y - 4 + 3 - 3*y**2 - y**3 + 5*y. Let m be f(-3). What is i(m)?
6
Suppose 102*g + 20 = 100*g. Let f(y) = y**3 + 11*y**2 + 10*y + 6. Calculate f(g).
6
Let t(p) be the third derivative of p**5/60 - p**4/4 + 5*p**3/6 - 16*p**2. Give t(4).
-3
Let z(q) = -23 + q + 15 - 4*q + 5. What is z(-5)?
12
Suppose -2*z = -0*z - 2. Let i(q) = q. Let s(f) = -f**2 - 13*f - 9. Let k(r) = z*s(r) + 6*i(r). Give k(-6).
-3
Let y(p) be the third derivative of p**5/15 - p**4/24 - 16*p**2. What is y(1)?
3
Let l(s) = 5*s - 4. Let j(w) = w**2 + 20*w - 17. Let d(r) = 2*j(r) - 9*l(r). What is d(3)?
5
Let x(v) = v + 1. Let s be x(-3). Let b(g) = 3*g**3 - 2*g + 128 - g**3 - 128 + 2*g**2. Give b(s).
-4
Let l(w) = -w**2 - 8*w - 2. Let q(n) = 1. Let o(p) = l(p) - 5*q(p). Determine o(-6).
5
Let i(g) = 16*g**2 - 8*g - 11. Let a(r) = -11*r**2 + 5*r + 7. Let n(j) = -8*a(j) - 5*i(j). Let f(t) = t + 7. Let s be f(-6). What is n(s)?
7
Let b(y) = -2*y. Let x(h) = -26*h + 6. Let z(j) = -12*b(j) + x(j). Let k = -2 - -4. Let v be -2*k*(-5)/4. Calculate z(v).
-4
Let l(a) = 11*a + 1. Let h be l(-1). Let j = h - -6. Let m(y) be the second derivative of y**4/12 + y**3 + y**2/2 + y. Determine m(j).
-7
Let i be 14/(-4)*(-4)/7. Let u(z) be the second derivative of 0 - z + 1/12*z**4 - 2/3*z**3 - i*z**2. What is u(5)?
1
Let j(a) = -6 - 2*a - 1 + 1. Determine j(-5).
4
Let t(a) = -14*a + 1. Let w be -1 - (2*-1 - 0/(-5)). Calculate t(w).
-13
Let g(j) be the third derivative of -j**4/24 + j**3/3 - 21*j**2 - 2*j. Give g(3).
-1
Let w(m) = -m**2 - 4*m + 5. Suppose -3*g + 7*g - 8 = 0. Let x = -8 + g. Determine w(x).
-7
Let f(v) be the third derivative of v**6/120 + 7*v**5/60 - v**4/24 - 4*v**3/3 - 39*v**2. Give f(-7).
-1
Let k(i) = i**2 - 5*i + 4. Let o be k(4). Suppose o*z - 6 = -z. Let y(f) = f + 4 + 0*f - 2*f. Determine y(z).
-2
Let v(h) = h - 1. Let f(d) = d**2 + 5*d - 5. Let i be f(-6). Let u = i + -11. Let m = u + 7. Give v(m).
-4
Let v(r) be the third derivative of -r**9/60480 + r**8/6720 - r**7/2520 - r**6/720 - r**5/30 - 2*r**2. Let c(j) be the third derivative of v(j). What is c(2)?
-1
Let a(r) = -r**2 - 4*r + 23. Let j be a(-7). Suppose 5*c + 24 = 3*w, 2*c = w - 3*w. Let g(q) = -3*q**2 + q + w + 2*q - 5 + q**3. Determine g(j).
0
Suppose -p + 48 = -5*p. Let h = p + 7. Let n(v) be the first derivative of v**2/2 + 4*v - 1. Determine n(h).
-1
Let d(w) be the third derivative of -w**7/840 - w**6/180 - w**5/40 - w**3/6 - 2*w**2. Let c(a) be the first derivative of d(a). Give c(-2).
6
Let k(i) = -i**2 - 5*i - 4. Let s = 4 + -2. Let a(w) = 11*w - 9. Let t(d) = 16*d - 13. Let j(v) = 7*a(v) - 5*t(v). Let g be j(s). Calculate k(g).
0
Let l(k) = k - 9. Suppose -3*x = -1 - 11. Determine l(x).
-5
Let w = -18 - -37. Let i = w - 21. Let s(h) be the first derivative of h**3 + 2*h**2 + 3*h + 1. Give s(i).
7
Let i(t) be the second derivative of -t**4/12 - t**3/6 + 3*t**2/2 - 13*t. Determine i(0).
3
Let q(g) = g**3 + g**2 - 2. Suppose 3*j + 5*u + 52 = 0, -5*j + u = 27 + 41. Let v be (-12)/42 + (-4)/j. What is q(v)?
-2
Let y(r) = -r**3 - 4*r**2 + 6*r + 7. Let d be y(-5). Let j(l) = -2*l**d - 4*l**2 - 2*l**2. Let k = -2 + 1. Give j(k).
-8
Let u(g) = 9*g**3 + g**2 - 15*g + 4. Suppose -4*a = 5*x - 23, a - 5*x = -3*a + 33. Let b(i) = -5*i**3 + 8*i - 2. Let n(q) = a*b(q) + 4*u(q). Determine n(-5).
-3
Let l(z) be the second derivative of z**4/12 - z**2 + 2*z. Calculate l(3).
7
Let c(v) = -3*v + 2. Let q(b) = -b + 1. Let w(o) = -c(o) + 4*q(o). Let m = 4 + 0. Suppose -m*z + 3 = 23. Give w(z).
7
Suppose -15 - 10 = -5*l. Let q(i) be the second derivative of -3*i**2 + 5/12*i**4 - i + 1/3*i**3 - 1/20*i**l + 0. Give q(5).
4
Let b(u) be the second derivative of u - 2/3*u**3 + 1/120*u**6 - 1/24*u**4 + 1/20*u**5 + 0 - 1/2*u**2. Let r(l) be the first derivative of b(l). Give r(-3).
-1
Let f be ((-1)/2)/((-1)/4). Suppose -d + 2*g + 53 - 21 = 0, -f*d + g + 58 = 0. Let l(r) = 3*r - 27 + d + 4*r. Calculate l(-1).
-6
Suppose -2*b - 27 = 3*r, -6 - 4 = r + b. Let m be r/((-21)/9) + -2. Let o(i) = -i**2 + i - i**3 - 2 + 2. Give o(m).
-1
Let x(w) = -4 + 2 - 3 + 4 - 4*w. Let u be 1/(-3)*(-1)/((-1)/3). Determine x(u).
3
Let w = -19 - -22. Let f(d) = 2*d**3 - 2*d**2 - 4*d + 4. Let h(c) = -c**2 + 2*c - 2*c - c**3. Let x(a) = w*h(a) + f(a). What is x(-4)?
4
Let b(r) be the first derivative of r**2 + 3*r - 2. Let w be b(-2). Let k(i) be the first derivative of 10*i**3/3 + i**2/2 + 1. What is k(w)?
9
Suppose -y = 2*g + 3 + 1, 5*y = -2*g - 4. Let h(f) be the first derivative of -1/3*f**3 - 4 + 2*f + 1/2*f**2. What is h(g)?
-4
Let k(y) = -5*y + 1. Let g be k(1). Let h(x) = -x**2 - 6*x - 4. Calculate h(g).
4
Let b(t) be the second derivative of -t**4/12 + 4*t**3/3 + 3*t**2/2 - 9*t. What is b(6)?
15
Suppose 0*c - 5*b = 4*c - 